{"id":14,"date":"2014-03-09T15:45:29","date_gmt":"2014-03-09T15:45:29","guid":{"rendered":"http:\/\/inocentar.tmf.bg.ac.rs\/?page_id=14"},"modified":"2021-03-07T18:18:20","modified_gmt":"2021-03-07T18:18:20","slug":"usluge","status":"publish","type":"page","link":"https:\/\/inocentar.tmf.bg.ac.rs\/?page_id=14","title":{"rendered":"Usluge"},"content":{"rendered":"<h1><a href=\"https:\/\/inocentar.tmf.bg.ac.rs\/?cat=6\" style=\"font-size:30px; color: #ff6600;\"> Saradnja sa privredom<\/a><\/h1>\n<h1><a href=\"https:\/\/inocentar.tmf.bg.ac.rs\/?cat=10\" style=\"font-size:30px; color: #ff6600;\"> Reference<\/a><\/h1>\n<p><a href=\"https:\/\/inocentar.tmf.bg.ac.rs\/wp-content\/uploads\/2014\/03\/istrazivanje-i-razvoj-1.jpg\"><img loading=\"lazy\" decoding=\"async\" class=\"alignnone wp-image-61\" src=\"https:\/\/inocentar.tmf.bg.ac.rs\/wp-content\/uploads\/2014\/03\/istrazivanje-i-razvoj-1.jpg\" alt=\"istrazivanje i razvoj (1)\" width=\"664\" height=\"402\" srcset=\"https:\/\/inocentar.tmf.bg.ac.rs\/wp-content\/uploads\/2014\/03\/istrazivanje-i-razvoj-1.jpg 830w, https:\/\/inocentar.tmf.bg.ac.rs\/wp-content\/uploads\/2014\/03\/istrazivanje-i-razvoj-1-300x181.jpg 300w\" sizes=\"auto, (max-width: 664px) 100vw, 664px\" \/><\/a><\/p>\n<p>IC TMF nudi usluge:<\/p>\n<ul>\n<li>Transfera tehnologije.<\/li>\n<li>Istra\u017eivanja i razvoja procesa i proizvoda.<\/li>\n<li>Projektovanje proizvoda i procesa.<\/li>\n<li>Izrade tehni\u010dke dokumentacije.<\/li>\n<li>Usluge instrumentalne analize.<\/li>\n<li>Izrada alata.<\/li>\n<li>Usluge grafi\u010dkog centra &#8211; \u0161tamparije.<\/li>\n<\/ul>\n<p><a style=\"color: #3366ff;\" href=\"https:\/\/inocentar.tmf.bg.ac.rs\/wp-content\/uploads\/ICTMF_Stru\u010dne-usluge-za-privredu.pdf\" target=\"_blank\" rel=\"noopener noreferrer\">Kompletan spisak stru\u010dnih usluga za privredu.<\/a><\/p>\n","protected":false},"excerpt":{"rendered":"<p>Saradnja sa privredom Reference IC TMF nudi usluge: Transfera tehnologije. Istra\u017eivanja i razvoja procesa i proizvoda. Projektovanje proizvoda i procesa. Izrade tehni\u010dke dokumentacije. Usluge instrumentalne analize. Izrada alata. Usluge grafi\u010dkog centra &#8211; \u0161tamparije. Kompletan spisak stru\u010dnih usluga za privredu.<\/p>\n","protected":false},"author":1,"featured_media":61,"parent":0,"menu_order":0,"comment_status":"closed","ping_status":"open","template":"","meta":{"_acf_changed":false,"_exactmetrics_skip_tracking":false,"_exactmetrics_sitenote_active":false,"_exactmetrics_sitenote_note":"","_exactmetrics_sitenote_category":0,"footnotes":""},"class_list":["post-14","page","type-page","status-publish","has-post-thumbnail","hentry"],"acf":[],"_links":{"self":[{"href":"https:\/\/inocentar.tmf.bg.ac.rs\/index.php?rest_route=\/wp\/v2\/pages\/14","targetHints":{"allow":["GET"]}}],"collection":[{"href":"https:\/\/inocentar.tmf.bg.ac.rs\/index.php?rest_route=\/wp\/v2\/pages"}],"about":[{"href":"https:\/\/inocentar.tmf.bg.ac.rs\/index.php?rest_route=\/wp\/v2\/types\/page"}],"author":[{"embeddable":true,"href":"https:\/\/inocentar.tmf.bg.ac.rs\/index.php?rest_route=\/wp\/v2\/users\/1"}],"replies":[{"embeddable":true,"href":"https:\/\/inocentar.tmf.bg.ac.rs\/index.php?rest_route=%2Fwp%2Fv2%2Fcomments&post=14"}],"version-history":[{"count":8,"href":"https:\/\/inocentar.tmf.bg.ac.rs\/index.php?rest_route=\/wp\/v2\/pages\/14\/revisions"}],"predecessor-version":[{"id":2441,"href":"https:\/\/inocentar.tmf.bg.ac.rs\/index.php?rest_route=\/wp\/v2\/pages\/14\/revisions\/2441"}],"wp:featuredmedia":[{"embeddable":true,"href":"https:\/\/inocentar.tmf.bg.ac.rs\/index.php?rest_route=\/wp\/v2\/media\/61"}],"wp:attachment":[{"href":"https:\/\/inocentar.tmf.bg.ac.rs\/index.php?rest_route=%2Fwp%2Fv2%2Fmedia&parent=14"}],"curies":[{"name":"wp","href":"https:\/\/api.w.org\/{rel}","templated":true}]}}